{"id":95,"date":"2018-11-04T18:56:49","date_gmt":"2018-11-04T17:56:49","guid":{"rendered":"http:\/\/cantocello.ddns.net\/?page_id=95"},"modified":"2026-03-23T07:44:33","modified_gmt":"2026-03-23T06:44:33","slug":"medias","status":"publish","type":"page","link":"https:\/\/cantocello.ddns.net\/?page_id=95","title":{"rendered":"M\u00e9dias"},"content":{"rendered":"\n<p><strong>Ensemble  <\/strong><\/p>\n\n\n\n<p><strong>\u00ab\u00a0Ensembles\u00a0\u00bb sur ESPACE 2, L\u02b9ensemble Cantocello en concert \u00e0 Lausanne &#8211; dimanche 22 mars 2026, interview de Jean-Luc Waeber<\/strong><\/p>\n\n\n\n<figure class=\"wp-block-audio\"><audio controls src=\"http:\/\/cantocello.ddns.net\/wp-content\/uploads\/1774\/48\/L-ensemble-Cantocello-en-concert-Lausanne-court.mp3\"><\/audio><\/figure>\n\n\n\n<p><strong>Concert du 1er novembre 2025 \u00e0 l&rsquo;\u00e9glise de Saint-Sulpice&nbsp;&#8211; Orgue : Martine Reymond, Violoncelle : Pascal&nbsp;Desarzens, Direction : Jean-Luc Waeber<\/strong><\/p>\n\n\n\n<figure class=\"wp-block-audio\"><audio controls src=\"http:\/\/cantocello.ddns.net\/wp-content\/uploads\/2025\/11\/Tuma-O-quam-Tristis.mp3\"><\/audio><figcaption class=\"wp-element-caption\">Tuma (1704-1774), Stabat Mater &#8211; O Quam tristis<\/figcaption><\/figure>\n\n\n\n<figure class=\"wp-block-audio\"><audio controls src=\"http:\/\/cantocello.ddns.net\/wp-content\/uploads\/2025\/11\/Tuma-Eia-mater.mp3\"><\/audio><figcaption class=\"wp-element-caption\">Tuma (1704-1774), Stabat Mater &#8211; Eia Mater<\/figcaption><\/figure>\n\n\n\n<figure class=\"wp-block-audio\"><audio controls src=\"http:\/\/cantocello.ddns.net\/wp-content\/uploads\/2025\/11\/Tuma-Quis-es-homo.mp3\"><\/audio><figcaption class=\"wp-element-caption\">Tuma (1704-1774), Stabat Mater &#8211; Quis es Homo<\/figcaption><\/figure>\n\n\n\n<figure class=\"wp-block-audio\"><audio controls src=\"http:\/\/cantocello.ddns.net\/wp-content\/uploads\/2025\/11\/Tuma-Virgo-virginum.mp3\"><\/audio><figcaption class=\"wp-element-caption\">Tuma (1704-1774), Stabat Mater &#8211; Virgo Virginum<\/figcaption><\/figure>\n\n\n\n<p><strong>Concert du 5 octobre 2024 \u00e0 l&rsquo;\u00e9glise de Perroy&nbsp;&#8211; Violoncelle : Pascal&nbsp;Desarzens<\/strong><\/p>\n\n\n\n<figure class=\"wp-block-audio\"><audio controls src=\"http:\/\/cantocello.ddns.net\/wp-content\/uploads\/1735\/34\/Cantocello_Tuma_Pro_Peccatis_Perroy_241005-court.mp3\"><\/audio><\/figure>\n\n\n\n<p><strong>Concert du 17 octobre 2021 \u00e0 l&rsquo;\u00e9glise de Gruy\u00e8res&nbsp;&#8211; Violoncelle : Pascal&nbsp;Desarzens<\/strong><\/p>\n\n\n\n<figure class=\"wp-block-audio\"><audio controls src=\"http:\/\/cantocello.ddns.net\/wp-content\/uploads\/2022\/01\/8_Serenity.mp3\"><\/audio><figcaption class=\"wp-element-caption\">Ola Gjeilo (1978 -) &#8211; <em>Serenity<\/em><\/figcaption><\/figure>\n\n\n\n<figure class=\"wp-block-audio\"><audio controls src=\"http:\/\/cantocello.ddns.net\/wp-content\/uploads\/2022\/01\/0_Processio.mp3\"><\/audio><figcaption class=\"wp-element-caption\"> Zebulon M. Highben &#8211; Processio  : Christus est Stella Matutina  <\/figcaption><\/figure>\n\n\n\n<figure class=\"wp-block-audio\"><audio controls src=\"http:\/\/cantocello.ddns.net\/wp-content\/uploads\/2022\/01\/1_Herr_nun_laessest_du.mp3\"><\/audio><figcaption class=\"wp-element-caption\"> H. Sch\u00fctz (1585-1672) &#8211; Herr, nun l\u00e4ssest du deinen Diener, SWV 281 <\/figcaption><\/figure>\n\n\n\n<figure class=\"wp-block-audio\"><audio controls src=\"http:\/\/cantocello.ddns.net\/wp-content\/uploads\/2022\/01\/2_Lobet_den_Herrn.mp3\"><\/audio><figcaption class=\"wp-element-caption\"> Jean-Sebastien Bach (1685-1750) &#8211;&nbsp;<em>Lobet den Herrn alle Heiden, BWV 230 <\/em> <\/figcaption><\/figure>\n\n\n\n<figure class=\"wp-block-audio\"><audio controls src=\"http:\/\/cantocello.ddns.net\/wp-content\/uploads\/2022\/01\/4_Stanford.mp3\"><\/audio><figcaption class=\"wp-element-caption\">Charles Villiers Stanford (1852-1924)&nbsp;-Trois Motets, op. 38 pour ch\u0153ur a cappella : <em>Justorum Animae, Coelos Ascendit Hodie,&nbsp;Beati Quorum Via<\/em><\/figcaption><\/figure>\n\n\n\n<figure class=\"wp-block-audio\"><audio controls src=\"http:\/\/cantocello.ddns.net\/wp-content\/uploads\/2022\/01\/5_Miserere.mp3\"><\/audio><figcaption class=\"wp-element-caption\">Rudi Tas (1957- ) &#8211; Miserere  <\/figcaption><\/figure>\n\n\n\n<figure class=\"wp-block-audio\"><audio controls src=\"http:\/\/cantocello.ddns.net\/wp-content\/uploads\/2022\/01\/6_The_sun_never_says.mp3\"><\/audio><figcaption class=\"wp-element-caption\">Dan Forrest (1978- )&nbsp;&#8211; The Sun Never Says  <\/figcaption><\/figure>\n\n\n\n<figure class=\"wp-block-audio\"><audio controls src=\"http:\/\/cantocello.ddns.net\/wp-content\/uploads\/2022\/01\/7_Stabat_Mater.mp3\"><\/audio><figcaption class=\"wp-element-caption\">Knut Nystedt (1915-2014)&nbsp;&#8211; Stabat Mater  <\/figcaption><\/figure>\n\n\n\n<p><strong>Archives &#8211; Violoncelle : Denis Guy<\/strong><\/p>\n\n\n\n<figure class=\"wp-block-audio\"><audio controls src=\"http:\/\/cantocello.ddns.net\/wp-content\/uploads\/2019\/06\/3_extr_Arensky_3.mp3\"><\/audio><figcaption class=\"wp-element-caption\">Anton Arensky &#8211; Trois quatuors vocaux op. 57, <em> La source chaude<\/em><\/figcaption><\/figure>\n\n\n\n<h1 class=\"wp-block-heading\">Archives<\/h1>\n\n\n<div class=\"wp-block-image\">\n<figure class=\"aligncenter\"><img loading=\"lazy\" decoding=\"async\" width=\"1024\" height=\"767\" src=\"http:\/\/cantocello.ddns.net\/wp-content\/uploads\/2025\/11\/Serpeliou-27.10.2025-1024x767.jpg\" alt=\"\" class=\"wp-image-935\" srcset=\"https:\/\/cantocello.ddns.net\/wp-content\/uploads\/2025\/11\/Serpeliou-27.10.2025-1024x767.jpg 1024w, https:\/\/cantocello.ddns.net\/wp-content\/uploads\/2025\/11\/Serpeliou-27.10.2025-300x225.jpg 300w, https:\/\/cantocello.ddns.net\/wp-content\/uploads\/2025\/11\/Serpeliou-27.10.2025-768x575.jpg 768w, https:\/\/cantocello.ddns.net\/wp-content\/uploads\/2025\/11\/Serpeliou-27.10.2025-1536x1150.jpg 1536w, https:\/\/cantocello.ddns.net\/wp-content\/uploads\/2025\/11\/Serpeliou-27.10.2025-2048x1534.jpg 2048w, https:\/\/cantocello.ddns.net\/wp-content\/uploads\/2025\/11\/Serpeliou-27.10.2025-624x467.jpg 624w\" sizes=\"auto, (max-width: 1024px) 100vw, 1024px\" \/><\/figure><\/div>\n\n\n<p><\/p>\n\n\n<div class=\"wp-block-image\">\n<figure class=\"aligncenter\"><img loading=\"lazy\" decoding=\"async\" width=\"522\" height=\"1024\" src=\"http:\/\/cantocello.ddns.net\/wp-content\/uploads\/2024\/10\/la-Liberte\u0301-2.10.2024-522x1024.jpg\" alt=\"\" class=\"wp-image-824\" srcset=\"https:\/\/cantocello.ddns.net\/wp-content\/uploads\/2024\/10\/la-Liberte\u0301-2.10.2024-522x1024.jpg 522w, https:\/\/cantocello.ddns.net\/wp-content\/uploads\/2024\/10\/la-Liberte\u0301-2.10.2024-153x300.jpg 153w, https:\/\/cantocello.ddns.net\/wp-content\/uploads\/2024\/10\/la-Liberte\u0301-2.10.2024-768x1507.jpg 768w, https:\/\/cantocello.ddns.net\/wp-content\/uploads\/2024\/10\/la-Liberte\u0301-2.10.2024-624x1225.jpg 624w, https:\/\/cantocello.ddns.net\/wp-content\/uploads\/2024\/10\/la-Liberte\u0301-2.10.2024.jpg 877w\" sizes=\"auto, (max-width: 522px) 100vw, 522px\" \/><\/figure><\/div>\n\n\n<p><\/p>\n\n\n<div class=\"wp-block-image\">\n<figure class=\"aligncenter\"><img loading=\"lazy\" decoding=\"async\" width=\"1024\" height=\"932\" src=\"http:\/\/cantocello.ddns.net\/wp-content\/uploads\/2019\/10\/WhatsApp-Image-2019-10-17-at-13.00.53-1024x932.jpeg\" alt=\"\" class=\"wp-image-359\" srcset=\"https:\/\/cantocello.ddns.net\/wp-content\/uploads\/2019\/10\/WhatsApp-Image-2019-10-17-at-13.00.53.jpeg 1024w, https:\/\/cantocello.ddns.net\/wp-content\/uploads\/2019\/10\/WhatsApp-Image-2019-10-17-at-13.00.53-300x273.jpeg 300w, https:\/\/cantocello.ddns.net\/wp-content\/uploads\/2019\/10\/WhatsApp-Image-2019-10-17-at-13.00.53-768x699.jpeg 768w, https:\/\/cantocello.ddns.net\/wp-content\/uploads\/2019\/10\/WhatsApp-Image-2019-10-17-at-13.00.53-624x568.jpeg 624w\" sizes=\"auto, (max-width: 1024px) 100vw, 1024px\" \/><\/figure><\/div>\n\n\n<p><\/p>\n\n\n\n<p><\/p>\n","protected":false},"excerpt":{"rendered":"<p>Ensemble \u00ab\u00a0Ensembles\u00a0\u00bb sur ESPACE 2, L\u02b9ensemble Cantocello en concert \u00e0 Lausanne &#8211; dimanche 22 mars 2026, interview de Jean-Luc Waeber Concert du 1er novembre 2025 \u00e0 l&rsquo;\u00e9glise de Saint-Sulpice&nbsp;&#8211; Orgue : Martine Reymond, Violoncelle : Pascal&nbsp;Desarzens, Direction : Jean-Luc Waeber Concert du 5 octobre 2024 \u00e0 l&rsquo;\u00e9glise de Perroy&nbsp;&#8211; Violoncelle : Pascal&nbsp;Desarzens Concert du 17 [&hellip;]<\/p>\n","protected":false},"author":1,"featured_media":0,"parent":0,"menu_order":0,"comment_status":"closed","ping_status":"closed","template":"","meta":{"footnotes":""},"class_list":["post-95","page","type-page","status-publish","hentry"],"_links":{"self":[{"href":"https:\/\/cantocello.ddns.net\/index.php?rest_route=\/wp\/v2\/pages\/95","targetHints":{"allow":["GET"]}}],"collection":[{"href":"https:\/\/cantocello.ddns.net\/index.php?rest_route=\/wp\/v2\/pages"}],"about":[{"href":"https:\/\/cantocello.ddns.net\/index.php?rest_route=\/wp\/v2\/types\/page"}],"author":[{"embeddable":true,"href":"https:\/\/cantocello.ddns.net\/index.php?rest_route=\/wp\/v2\/users\/1"}],"replies":[{"embeddable":true,"href":"https:\/\/cantocello.ddns.net\/index.php?rest_route=%2Fwp%2Fv2%2Fcomments&post=95"}],"version-history":[{"count":0,"href":"https:\/\/cantocello.ddns.net\/index.php?rest_route=\/wp\/v2\/pages\/95\/revisions"}],"wp:attachment":[{"href":"https:\/\/cantocello.ddns.net\/index.php?rest_route=%2Fwp%2Fv2%2Fmedia&parent=95"}],"curies":[{"name":"wp","href":"https:\/\/api.w.org\/{rel}","templated":true}]}}